2, 3, 103
Suppose 4*p - 201 = 3*w, p + 3*w - 64 = w. Let u = p + -41. What are the prime factors of u?
13
Let q = 193 - 272. Let t = 126 + q. What are the prime factors of t?
47
Let c(u) = u**2 + 9*u - 7. Let k be c(-10). Suppose -5*j - 96 = -7*j - 3*a, k*j = a + 166. Suppose 0*x + x = j. What are the prime factors of x?
2, 3
List the prime factors of ((-164)/(-6) - 0)*(-183)/(-122).
41
Let q = 215 + 171. What are the prime factors of q?
2, 193
Let p be 4*2/(-10)*(-11 - -6). Let i(j) = j**2 + 2*j - 6. What are the prime factors of i(p)?
2, 3
Let i be -16 - -20 - (1 + 0). Suppose 2*u - i*u = -18. List the prime factors of u.
2, 3
Let u(l) = -7*l + 18. Let c(x) = -6*x + 19. Let z(n) = -3*c(n) + 2*u(n). List the prime factors of z(7).
7
Let z be 6/15 - 176/(-10). Let k be (-4)/z - (-49)/(-63). List the prime factors of -1 + (k - -5 - 1).
2
Let q = 35 - -57. Suppose 5*p - q = 313. Suppose 5*b = 2*v - p, 18 = v - 0*v + 2*b. List the prime factors of v.
2, 7
Suppose -4*h = -3*z - 3115, -4*z - 141 - 628 = -h. List the prime factors of h.
11, 71
Let j(y) = y**2 - 5*y - 2. Let w be j(7). Let p = 14 - w. Suppose 0*q - 30 = -p*q. List the prime factors of q.
3, 5
Suppose 5*c = -4*w + 60, 0 = 3*c + w + 14 - 43. Let h = c - 4. Suppose h*k = -4, 3*f - 2*k + k - 16 = 0. List the prime factors of f.
5
Let u = -1386 + 2194. Suppose -4*r = g + 3*g - 836, 0 = -4*g + 3*r + u. What are the prime factors of g?
5, 41
Let t = -172 + 571. What are the prime factors of t?
3, 7, 19
Suppose 0 = 3*v - 0*v - 54. Let a = -16 + v. Suppose 47 = a*f + 7. What are the prime factors of f?
2, 5
Let h = 89 + -93. List the prime factors of (h - 0)/(-28) + 3680/14.
263
Let y be (-4 + -33)/(3/30). Let v = -260 - y. List the prime factors of v.
2, 5, 11
Let t = -38 + 40. Suppose t*a = 122 - 18. What are the prime factors of a?
2, 13
Let n be -3*(-8)/6 - 2. Let k be 3/8*n*76. What are the prime factors of (k - 4) + (0 - 1)?
2, 13
Let a(d) = 3*d**3 - 33*d + 19. What are the prime factors of a(9)?
23, 83
Let q = 240 + -132. Suppose q - 325 = -3*a - 4*r, -2*a - r = -153. Let n = a + -52. What are the prime factors of n?
3
Let p(n) = n**3 - 17*n**2 - 17*n + 17. Let y = 36 + -18. List the prime factors of p(y).
5, 7
Let g(m) = m**3 - 10*m**2 + 14*m - 8. Suppose 0 = -f - 9 + 18. List the prime factors of g(f).
37
Let s = 14 - 6. Let u be (s/6)/((-2)/(-15)). Suppose -5*x = u, -42 = -r - 4*r + x. What are the prime factors of r?
2
What are the prime factors of (-49710)/(-58) + 4/(-58)?
857
Suppose -t + 4*l = -3*t - 2, 0 = -2*t + l + 13. Suppose t*k - 302 + 62 = 0. List the prime factors of k.
2, 3
Suppose 55*s + 1131 = 58*s. What are the prime factors of s?
13, 29
Let j = -174 + 303. Suppose b - 7*b + 48 = 0. Suppose 5*y - b*y = -j. List the prime factors of y.
43
Let k = -4 + 6. Suppose -5*v - 2*j + 6 = 0, -5*v + k*j + 0 = 6. Suppose -s + 19 + 6 = v. What are the prime factors of s?
5
Suppose 41 = -3*r + 4*g, 0 = -3*r + g - 3*g - 11. Let d = 7 + r. Suppose -n + 4 = 0, d*y - 81 = -3*y - 3*n. What are the prime factors of y?
23
Let q(n) be the first derivative of -2*n**3/3 + 11*n**2 - 13*n + 15. Let f(w) be the first derivative of q(w). What are the prime factors of f(-12)?
2, 5, 7
Let u = 31 + -35. List the prime factors of 33*3/(-12)*u.
3, 11
Suppose 90*y + 6208 = 94*y. List the prime factors of y.
2, 97
Let d be 7 - (6/15)/((-4)/(-10)). Suppose -3*w = 5*k - 21 - 13, -32 = -4*w - 4*k. List the prime factors of w/(5/(50/d)).
5
Let b be (-17 + 0)/((-6)/6). Let n = 32 - b. List the prime factors of 84/n - (-9)/(-15).
5
Let y = 1456 + -518. What are the prime factors of y?
2, 7, 67
Let g = 77 + -102. Let y = g + 57. What are the prime factors of y?
2
What are the prime factors of 1 + (-74548)/(-76) - (-14)/133?
2, 491
Let m(y) = 52*y**2 + 19*y - 132. What are the prime factors of m(10)?
2, 11, 239
Suppose 2*r + 2*i = 850, 2*r - 3*r + 415 = -i. What are the prime factors of r?
2, 3, 5, 7
Let o(f) be the third derivative of 5*f**4/24 + 2*f**3 - 18*f**2. List the prime factors of o(17).
97
List the prime factors of (-2)/5 - (-119614)/110.
1087
Let f = 153 - -8. What are the prime factors of f?
7, 23
Let p = -52 + -9. Let j = p + 166. Let y = -55 + j. List the prime factors of y.
2, 5
List the prime factors of ((-8)/(-16))/(2/1272).
2, 3, 53
Let m be 5 + ((-6)/(-2) - 4). List the prime factors of -3 + m + 2 + 58.
61
Let y = -7 - -7. Suppose -5*k + 3*r - 5284 = y, 2*k + 1515 = 2*r - 601. What are the prime factors of k/(-25) - (-8)/10?
43
Let w = 0 + -23. Let x = w - -126. List the prime factors of x.
103
Let p = 37 + -72. Let i = -32 - p. Suppose i*u - 192 = -u. What are the prime factors of u?
2, 3
Let c(z) = -z + 6. Let a be 5/((-10)/(-16)) - 2. Let b be c(a). Suppose -3*y = -b*y - 87. List the prime factors of y.
29
Let n be 1 - (160/(-4) - 2). Let u be (-1 - n/(-4))*-4. List the prime factors of (u/(-26))/((-3)/(-8)).
2
Suppose -x + 4142 = -r, 6*r - 5*r = 4*x - 16583. What are the prime factors of x?
11, 13, 29
Suppose -2*t + 11*n = 6*n - 5576, -5616 = -2*t - 5*n. What are the prime factors of t?
2, 1399
Suppose -2*q + 2*g = 2, -5*q = -g - 10 - 1. Suppose 0 = -4*p - q*p + 21. Suppose p*j - 90 = -0*j. What are the prime factors of j?
2, 3, 5
Suppose 7*v = -323 + 1450. What are the prime factors of v?
7, 23
Suppose -50*x + 27*x = -89263. What are the prime factors of x?
3881
Let g(l) = -847 + 4*l + 860 + 2*l**2 + 0*l. What are the prime factors of g(-7)?
83
Let p = 5 + 3195. List the prime factors of p.
2, 5
Let m be 16/10 - (-18)/45. Suppose 100 = 5*v - m*w, -v + w - 67 = -5*v. List the prime factors of v.
2, 3
Suppose c - 2 = -3*k + 12, 5*k - 20 = -5*c. Suppose -k*w - 6*w = -231. What are the prime factors of w?
3, 7
Let d(u) = 0 + 20*u**2 - 1 - 3*u + 0 + 2*u. List the prime factors of d(1).
2, 3
Suppose -u - 27 = -3*r + u, -18 = -2*r - u. Let v(o) = 0*o - 4*o**2 + r*o - 2*o**3 + o**3 - 5 - o. List the prime factors of v(-6).
19
Let l(k) = -k**3 + 35*k**2 + 5*k - 50. List the prime factors of l(16).
2, 2447
List the prime factors of 2 - ((-6)/16 + (-34493)/136).
2
List the prime factors of 2/6 + 19902/(-36)*-2.
2, 7, 79
Let m(t) = 3*t**3 - t**2 - t + 1. Let d be (5/(5/(-1)))/(-1). Let x be m(d). Suppose -4*w = 4*h - 24, x*h - 3*w + 4 = -w. What are the prime factors of h?
2
Suppose 2*x = -0*j + 5*j - 2737, 0 = -3*j - 2*x + 1639. What are the prime factors of j?
547
Let q(r) = -r**3 - 7*r**2 + 12*r + 82. What are the prime factors of q(-8)?
2, 5
Let t(b) = -54*b - 187. List the prime factors of t(-22).
7, 11, 13
Let x = -4132 - -5923. What are the prime factors of x?
3, 199
Let a(o) = 18*o + 3. Let r be a(-1). Let l(p) = -p**2 - 20*p - 21. What are the prime factors of l(r)?
2, 3
Let d = 105 + 38. Suppose -5*r + 142 = -d. What are the prime factors of r?
3, 19
Let n = -185 + 404. Suppose 363 = 3*a + 3*r, -4*a + 743 = -4*r + n. What are the prime factors of a?
2, 3, 7
List the prime factors of -3 + 434 + (-6)/(-1 + -1).
2, 7, 31
Let b be 152/7 + (-4)/(-14). Let c be (-1 - (-3 + 3)) + 11. Suppose -5*i - 2*q + b = -64, -4*q + c = i. List the prime factors of i.
2, 3
Let z(h) be the second derivative of 38*h**4/3 - h**3/3 + 3*h**2/2 + 6*h. What are the prime factors of z(1)?
3, 17
Let r(h) be the third derivative of -h**6/24 + h**5/15 - h**4/12 - h**3/3 - 6*h**2. Let i = 39 + -41. What are the prime factors of r(i)?
2, 29
Suppose 4*d + d = -4*n + 395, -4*d = n - 316. Let g = d + -47. List the prime factors of g.
2
Suppose 0 = -2*n - f + 1293, n - 4*f = 6*n - 3225. What are the prime factors of n?
11, 59
Let u(f) = 3*f**2 - 2*f + 17. Let y be u(7). Suppose 0 = 13*x - 7*x - y. List the prime factors of x.
5
Let i = 446 + 275. List the prime factors of i.
7, 103
Let v be 8/32 - (-198)/8. Suppose -20 = 2*z - 6*z + q, -5*z + 3*q + v = 0. Let s(j) = -j**3 + 7*j**2 - j + 4. What are the prime factors of s(z)?
7
Let u(c) = -c**2 - 2*c. Let x be u(-2). Suppose m - 10 - 56 = x. Suppose -3*p + m = -0*p. What are the prime factors of p?
2, 11
Let l = 17 + -19. Let u be l/6 - (-1298)/33. Let x = -6 + u. What are the prime factors of x?
3, 11
Let m = 283 + -36. List the prime factors of m.
13, 19
Let v(u) = u**3 - 20*u**2 + 2*u - 36. Let h be v(20). Suppose 3*z + h*i = 4*z - 114, i - 129 = -z. List the prime f